{"id":15685,"date":"2022-03-01T20:50:04","date_gmt":"2022-03-01T19:50:04","guid":{"rendered":"https:\/\/www.apissapiens.com\/word\/?page_id=15685"},"modified":"2022-03-01T20:56:51","modified_gmt":"2022-03-01T19:56:51","slug":"ressources","status":"publish","type":"page","link":"https:\/\/www.apissapiens.com\/word\/ressources\/","title":{"rendered":"Ressources"},"content":{"rendered":"\n<p>Partie mettant \u00e0 la disposition des apiculteurs les documents :<\/p>\n\n\n\n<ul><li>documents r\u00e9alis\u00e9s en partenariat avec la chambre d&rsquo;agriculture d&rsquo;Alsace,&nbsp; et avec l&rsquo;aide de FranceAgriMer, du Programme Apicole Europ\u00e9en et du Conseil R\u00e9gional.,<\/li><li>d&rsquo;autres organistes.<\/li><\/ul>\n\n\n\n<p><\/p>\n","protected":false},"excerpt":{"rendered":"<p>Partie mettant \u00e0 la disposition des apiculteurs les documents : documents r\u00e9alis\u00e9s en partenariat avec la chambre d&rsquo;agriculture d&rsquo;Alsace,&nbsp; et avec l&rsquo;aide de FranceAgriMer, du Programme Apicole Europ\u00e9en et du Conseil R\u00e9gional., d&rsquo;autres organistes.<\/p>\n","protected":false},"author":3,"featured_media":0,"parent":0,"menu_order":0,"comment_status":"closed","ping_status":"closed","template":"templates\/landing.php","meta":{"jetpack_post_was_ever_published":false},"jetpack_sharing_enabled":true,"jetpack_shortlink":"https:\/\/wp.me\/PalKh5-44Z","_links":{"self":[{"href":"https:\/\/www.apissapiens.com\/word\/wp-json\/wp\/v2\/pages\/15685"}],"collection":[{"href":"https:\/\/www.apissapiens.com\/word\/wp-json\/wp\/v2\/pages"}],"about":[{"href":"https:\/\/www.apissapiens.com\/word\/wp-json\/wp\/v2\/types\/page"}],"author":[{"embeddable":true,"href":"https:\/\/www.apissapiens.com\/word\/wp-json\/wp\/v2\/users\/3"}],"replies":[{"embeddable":true,"href":"https:\/\/www.apissapiens.com\/word\/wp-json\/wp\/v2\/comments?post=15685"}],"version-history":[{"count":2,"href":"https:\/\/www.apissapiens.com\/word\/wp-json\/wp\/v2\/pages\/15685\/revisions"}],"predecessor-version":[{"id":15689,"href":"https:\/\/www.apissapiens.com\/word\/wp-json\/wp\/v2\/pages\/15685\/revisions\/15689"}],"wp:attachment":[{"href":"https:\/\/www.apissapiens.com\/word\/wp-json\/wp\/v2\/media?parent=15685"}],"curies":[{"name":"wp","href":"https:\/\/api.w.org\/{rel}","templated":true}]}}